rime factors of 1840063230.
2, 3, 5, 2271683
What are the prime factors of 35884209?
3, 23, 593, 877
What are the prime factors of 3157142246?
2, 29, 54433487
List the prime factors of 70578287.
13, 417623
What are the prime factors of 1271316571?
7, 137, 1325669
What are the prime factors of 235142159?
7, 33591737
What are the prime factors of 235366124?
2, 7, 103, 81611
List the prime factors of 344328509.
7, 241, 204107
What are the prime factors of 32385401?
32385401
What are the prime factors of 1382030389?
1382030389
What are the prime factors of 49972321?
7, 43, 166021
List the prime factors of 5307708510.
2, 3, 5, 13, 67, 67709
What are the prime factors of 47554527?
3, 31, 223, 2293
What are the prime factors of 69824278?
2, 19, 1837481
List the prime factors of 1824693105.
3, 5, 131, 928597
What are the prime factors of 3059586716?
2, 3257, 234847
List the prime factors of 783198561.
3, 3301, 79087
List the prime factors of 74677397.
127, 588011
List the prime factors of 103497573.
3, 997, 34603
List the prime factors of 621944106.
2, 3, 7, 137, 108089
What are the prime factors of 463186247?
463186247
What are the prime factors of 371095445?
5, 7, 2689, 3943
What are the prime factors of 12750248?
2, 7, 223, 1021
What are the prime factors of 42200743?
13, 223, 14557
What are the prime factors of 188565944?
2, 7, 53, 63533
What are the prime factors of 308018476?
2, 77004619
List the prime factors of 906696462.
2, 3, 7, 17, 74699
What are the prime factors of 105180698?
2, 7, 7512907
What are the prime factors of 40640109?
3, 967, 14009
What are the prime factors of 619984460?
2, 5, 53, 101, 5791
What are the prime factors of 1557544494?
2, 3, 11, 19, 1242061
What are the prime factors of 1087253256?
2, 3, 47, 963877
List the prime factors of 308691625.
5, 11, 23, 43, 227
List the prime factors of 593820366.
2, 3, 1153, 85837
List the prime factors of 7993750799.
31, 2423, 3433
List the prime factors of 3099889944.
2, 3, 43054027
What are the prime factors of 2233358547?
3, 7, 106350407
List the prime factors of 61993267.
7, 8856181
What are the prime factors of 32511764?
2, 83, 97927
What are the prime factors of 342365575?
5, 13694623
What are the prime factors of 161613370?
2, 5, 16161337
List the prime factors of 8224525001.
7, 11, 53, 3739
List the prime factors of 1052377855.
5, 73, 193, 14939
List the prime factors of 5245735479.
3, 19, 587, 156781
List the prime factors of 382461228.
2, 3, 107, 99289
List the prime factors of 362555068.
2, 90638767
List the prime factors of 320736165.
3, 5, 37, 15619
List the prime factors of 461866676.
2, 17, 6792157
List the prime factors of 499780947.
3, 166593649
List the prime factors of 31539984.
2, 3, 7, 37, 43, 59
List the prime factors of 793271388.
2, 3, 7, 13, 157, 661
What are the prime factors of 2076524807?
7, 2677, 110813
List the prime factors of 4018297583.
43, 3889, 24029
List the prime factors of 1493742856.
2, 167, 683, 1637
List the prime factors of 144584825.
5, 7, 11, 75109
List the prime factors of 119056014.
2, 3, 7, 11, 19, 137
What are the prime factors of 62129800?
2, 5, 241, 1289
What are the prime factors of 569362449?
3, 41, 59, 67, 1171
What are the prime factors of 131779651?
131779651
List the prime factors of 258532317.
3, 1063919
List the prime factors of 66122879.
66122879
What are the prime factors of 66367473?
3, 17, 1301323
What are the prime factors of 45874727?
2381, 19267
List the prime factors of 686662671.
3, 228887557
List the prime factors of 2214297682.
2, 61, 18149981
List the prime factors of 3752829381.
3, 7, 839, 212999
What are the prime factors of 54256024?
2, 43, 157721
List the prime factors of 1119925.
5, 44797
List the prime factors of 527125983.
3, 23, 173, 44159
List the prime factors of 105363372.
2, 3, 8780281
What are the prime factors of 24902211?
3, 41, 193, 1049
List the prime factors of 1955653648.
2, 13, 37, 59, 73
List the prime factors of 318510037.
433, 673, 1093
List the prime factors of 5478119051.
2441, 2244211
List the prime factors of 25027925.
5, 13, 53, 1453
What are the prime factors of 198630805?
5, 17, 271, 8623
List the prime factors of 1565699390.
2, 5, 41, 1567, 2437
What are the prime factors of 86945883?
3, 2593, 11177
List the prime factors of 114512463.
3, 13, 683, 1433
List the prime factors of 702744801.
3, 11, 89, 239273
List the prime factors of 739960287.
3, 11, 4057, 5527
List the prime factors of 63831412.
2, 19, 839887
List the prime factors of 47358064.
2, 13, 223, 1021
List the prime factors of 194659976.
2, 7, 263, 13217
List the prime factors of 189132052.
2, 59, 801407
What are the prime factors of 336512450?
2, 5, 17, 395897
List the prime factors of 337216572.
2, 3, 7, 11, 239, 509
List the prime factors of 224048082.
2, 3, 37341347
What are the prime factors of 618121288?
2, 59, 601, 2179
What are the prime factors of 4118871761?
31, 132866831
List the prime factors of 264415449.
3, 79, 173, 6449
What are the prime factors of 2978492072?
2, 17, 21900677
What are the prime factors of 1537740198?
2, 3, 53, 379, 4253
What are the prime factors of 503679?
3, 11, 15263
List the prime factors of 839872118.
2, 283, 331, 4483
What are the prime factors of 68884030?
2, 5, 1549, 4447
List the prime factors of 835385180.
2, 5, 7, 5967037
What are the prime factors of 383368731?
3, 1321, 96737
List the prime factors of 49062759.
3, 16354253
What are the prime factors of 198420445?
5, 39684089
List the prime factors of 80972568.
2, 3, 229, 1637
List the prime factors of 69825568.
2, 173, 12613
List the prime factors of 116102134.
2, 2521, 23027
List the prime factors of 77495723.
37, 179, 11701
What are the prime factors of 542873865?
3, 5, 67, 540173
List the prime factors of 32121041.
17, 23, 113, 727
List the prime factors of 1751390655.
3, 5, 7, 16679911
List the prime factors of 15740283.
3, 13, 17, 23741
What are the prime factors of 176183567?
7, 109, 32987
List the prime factors of 4401270371.
19, 231645809
List the prime factors of 1752492455.
5, 7, 19, 131, 20117
What are the prime factors of 1873703874?
2, 3, 7, 769, 58013
What are the prime factors of 227694970?
2, 5, 22769497
List the prime factors of 110757828.
2, 3, 199, 46381
List the prime factors of 1244956382.
2, 43, 1933, 7489
List the prime factors of 356495548.
2, 89123887
List the prime factors of 35797590.
2, 3, 5, 397751
What are the prime factors of 84932676?
2, 3, 2359241
What are the prime factors of 31537734?
2, 3, 349, 15061
What are the prime factors of 457633293?
3, 13, 97, 137, 883
What are the prime factors of 4665334803?
3, 17, 19, 283211
What are the prime factors of 237505247?
7, 83, 408787
List the prime factors of 113438029.
227, 421, 1187
List the prime factors of 117480458.
2, 19, 23, 134417
What are the prime factors of 414351947?
337, 1229531
What are the prime factors of 46806727?
11, 4255157
List the prime factors of 210979073.
2887, 73079
What are the prime factors of 60466582?
2, 11, 71, 38711
What are the prime factors of 202602692?
2, 569, 89017
What are the prime factors of 4228035837?
3, 1187, 1187317
What are the prime factors of 95961517?
95961517
List the prime factors of 4658424570.
2, 3, 5, 29, 829, 2153
What are the prime factors of 671061366?
2, 3, 17, 61, 35951
What are the prime factors of 2551898949?
3, 19, 61, 733937
List the prime factors of 69415028.
2, 2887, 6011
List the prime factors of 95217042.
2, 3, 15869507
List the prime factors of 4057545344.
2, 47, 787, 857
What are the prime factors of 12721025?
5, 508841
List the prime factors of 1437352802.
2, 601, 1195801
List the prime factors of 3544872.
2, 3, 147703
List the prime factors of 2062527354.
2, 3, 197, 193883
What are the prime factors of 2106649475?
5, 7, 12037997
List the prime factors of 43450596.
2, 3, 7, 172423
List the prime factors of 1969721836.
2, 41, 197, 1487
List the prime factors of 59554253.
11, 653, 8291
What are the prime factors of 642429716?
2, 137, 1172317
List the prime factors of 102619466.
2, 51309733
What are the prime factors of 360159097?
12763, 28219
List the prime factors of 72559912.
2, 9069989
List the prime factors of 2511500881.
2511500881
What are the prime factors of 95429367?
3, 11, 321311